f b?
3, 89
Let x be ((-2)/(-2))/(1/15). Let i be ((-24)/(-30))/(2/x). List the prime factors of (-1 + 7)/(i/4).
2
Let z be (1 - -8)/((-12)/(-88)). Let i = -45 + z. List the prime factors of i.
3, 7
Suppose 4*d - 15 = d. Suppose -n - 40 = -d*n. What are the prime factors of n?
2, 5
Suppose -7*a + 320 = 5*v - 3*a, 256 = 4*v - 3*a. List the prime factors of v.
2
Let j be 6 + 0 + -1 + 1. List the prime factors of 15*1/(j - 3).
5
Let l(v) = v**2 - 7*v + 4. Let f be l(7). Suppose -5*p + 40 = -5*o, -f*p + 2*o = -9*p + 47. Let g = -4 + p. List the prime factors of g.
5
Suppose -t + 2*w = -5, 3*t - 7 = -5*w + 3*w. Let k(n) = n**3 - n**2 - 3*n + 4. List the prime factors of k(t).
13
Suppose 4 + 5 = 3*v. Suppose -2*p + 25 = v*p. What are the prime factors of p?
5
List the prime factors of (-78)/(-15) + (0 - 3/15).
5
Let r be -10*((-5)/(-2))/(-5). Let s = -13 + r. Let b = s + 12. What are the prime factors of b?
2
Let f(l) = -l**3 + 4*l**2 + 5*l + 3. Let k = -11 - -23. Let d = k - 7. List the prime factors of f(d).
3
Suppose 2*s = 4*f - 164, -55 = -3*f + s + 66. List the prime factors of f.
3, 13
Let s(f) = f**3 + 13*f**2 + f + 11. Let i be s(-13). Let o be (-12)/(-2) - i/(-2). Suppose 4*q + o - 73 = 0. What are the prime factors of q?
17
Let k = 553 - 388. What are the prime factors of k?
3, 5, 11
Let a(r) = r**3 - 5*r**2 - 5*r - 4. Let w be a(6). Let l(c) = 1 - w - c**2 - 5 + 0 + 7*c. What are the prime factors of l(5)?
2
What are the prime factors of (-4698)/(-90) - (-1)/(-5)?
2, 13
Let c(k) = 13*k**2 - k - 1. What are the prime factors of c(-1)?
13
Suppose m + 4*s + 11 = 0, s + 2*s = -12. What are the prime factors of m?
5
Let r(x) = -3*x - 4. Let d be r(7). Let c be (-28)/(-5) + (-10)/d. List the prime factors of 2*(-9)/c + 20.
17
Let v(y) = -y**3 + 14*y**2 - 2*y + 21. Let b be v(14). Let p = -3 - b. What are the prime factors of p?
2
Let u(s) = 6*s - 2*s + 3*s + 1 - s**2. Let z be u(7). Let o = z - -1. What are the prime factors of o?
2
Let n = 16 - 8. Suppose 3*r + r = n. What are the prime factors of r?
2
Let f(a) = -a + 2. List the prime factors of f(-6).
2
Let v = -24 + 26. What are the prime factors of v/(-11) - (-123)/11?
11
Let k(v) = 2*v - 3. Let b be k(4). Suppose 0 = d + 4*d - 10, -r + b*d = 8. Suppose t - 30 = -r*t. What are the prime factors of t?
2, 5
Suppose -v = -5*c + 23, 2*c - 2 - 4 = 0. Let s = 2 - -9. Let k = s + v. What are the prime factors of k?
3
Suppose 2*u + u = -18. Let m = -3 - u. Suppose 12 = m*h, -8 = -0*n - n - h. What are the prime factors of n?
2
Suppose 3*g + 6 = 5*g. Suppose -115 = -5*m + 4*u - g, -5*m + u = -118. List the prime factors of m.
2, 3
Suppose -3 = -3*z + 33. Suppose s - z = -0*s. Suppose c + s = 5*c. List the prime factors of c.
3
Let p(k) = k**3 + 14*k**2 - 19*k - 14. List the prime factors of p(-15).
2, 23
Suppose 2*k - 7*k = 3*l - 55, 5*k - 20 = 4*l. What are the prime factors of k?
2
Suppose 3*f + 0*f - 23 = 5*g, -5*g - 20 = 0. Let k(o) = o. Let q(l) = 3*l - 6. Let y(m) = f*q(m) - 5*k(m). List the prime factors of y(-5).
2
Let j = -33 - -104. List the prime factors of j.
71
Suppose -8*g = -6*g - 160. What are the prime factors of g?
2, 5
Let j(x) = x + 12. Let o be j(-6). Let t be 1*(-15)/o*-2. Suppose -26 = -t*y - 6. What are the prime factors of y?
2
Let u(m) be the first derivative of m**3/3 - 6*m**2 + 9*m + 1. Let l be u(8). Let y = -15 - l. What are the prime factors of y?
2
Let c be 2 + -2 - -2 - -2. What are the prime factors of 16 - (c + (-4)/2)?
2, 7
Let n(l) = 7*l - 6. Let k be n(5). Let s be 2 + k + 0 + 3. List the prime factors of s/(-4)*(-2 - 0).
17
Let u be -1 + (3 - 0) + 22. Suppose 2*p + 2*v = -u, 0 = -4*p - v - v - 48. Let n = -9 - p. List the prime factors of n.
3
Let w be 1/(-4) + (-1371)/(-12). Suppose -c - c + w = 0. Suppose -3 = 3*a - c. What are the prime factors of a?
2, 3
What are the prime factors of (6 + -206)*2/(-5)?
2, 5
Suppose -2*u - 3*u = -75. Let z = 28 - u. What are the prime factors of z?
13
Let p be 12/42 - 114/7. Let b = p + 64. List the prime factors of b.
2, 3
Let c = -86 + 97. List the prime factors of c.
11
Let x(t) = t + 11. Let k be x(-9). Suppose -2*b - 46 = -2*a - 2*a, 0 = k*a + 2*b - 38. What are the prime factors of (-2 + a/1)/1?
2, 3
Suppose -3 = b - 2. Let c(g) = -26*g**3 - 2*g**2 - g. List the prime factors of c(b).
5
Let s(j) = 4 - j - 16 + 7*j - 3*j. What are the prime factors of s(5)?
3
What are the prime factors of (1/3)/(6/522)?
29
Suppose 2*i = -2*i + 160. Let z = i + -16. What are the prime factors of z?
2, 3
Suppose 2*g + w = 6*g - 103, -10 = -2*w. What are the prime factors of g?
3
Let v(a) = -a**2 - 8*a + 3. Let p be v(-7). Suppose 0*z = -5*z + p. Suppose 2*o + z = 6. List the prime factors of o.
2
Suppose 647 = 3*j - 184. List the prime factors of j.
277
Let q(t) = t + 6. What are the prime factors of q(5)?
11
Suppose 2*a + 0*a = -5*u + 143, 0 = u - 4*a - 33. List the prime factors of u.
29
Let l(b) = -b - 1. Let r(g) = -8*g - 5. Let k(o) = 5*l(o) - r(o). List the prime factors of k(4).
2, 3
Suppose -3*d - 602 = -10*d. What are the prime factors of d?
2, 43
Suppose -3*g - 13 = -a, 5 + 4 = -3*g. List the prime factors of a.
2
List the prime factors of 51 - (-2 - (-5 - -2)).
2, 5
Let o be 1 + 1 + (-3 - -5). Suppose 5*y + 10 = 3*y - 3*l, 0 = -l - o. What are the prime factors of -4*(-6)/4 + y?
7
Let i(f) = 6*f**2 + 4*f - 1. Let s be i(-3). Let p = -11 + s. Suppose -u = -3*z + p, 29 - 9 = 2*z + 5*u. List the prime factors of z.
2, 5
Let d(m) = -m**2 - 4*m - 1. Let t be d(-3). Suppose -2*n + 54 = 2*l, 0*n + 5*n - 138 = -t*l. What are the prime factors of n?
2, 7
Let i = 20 - -45. List the prime factors of i.
5, 13
Let y(g) = -2*g**2 + 3*g - 2. Let z(j) = 3*j**2 - 7*j + 3. Let i = -5 + 8. Let f(t) = i*z(t) + 5*y(t). List the prime factors of f(-5).
2
Let g be ((-7)/7)/((-1)/21). Let o = 34 - g. What are the prime factors of o?
13
Let m = 36 + -24. Let j = m - 6. List the prime factors of j.
2, 3
Let k(w) be the third derivative of w**5/60 - 7*w**4/24 + 3*w**3/2 - 3*w**2. Let r be k(6). List the prime factors of (-6)/9 - (-41)/r.
13
Suppose 0*j + 4*j - 4 = 0. Let u(x) = x. Let f be u(3). Suppose 22 - j = f*t. List the prime factors of t.
7
Let h(o) = o**2 - 5*o. Let k be (-62)/(-5) + (-2)/5. Let w = k - 6. List the prime factors of h(w).
2, 3
Let g be 6/(-3)*(-27)/6. What are the prime factors of (-1)/g + 6168/108?
3, 19
Suppose 4*i = o + 1212, -13 - 7 = 5*o. What are the prime factors of i?
2, 151
Suppose 18 = h - 3*h. List the prime factors of 6/h - 78/(-9).
2
List the prime factors of (1 - (-5)/(-3))/((-66)/26631).
269
Let s(j) = -j**3 - j**2 - j - 1. Let o = -2 + 1. Let t be s(o). Suppose -4 = -v - t*v. List the prime factors of v.
2
Let q be (-24)/9*9/(-2). Let l be ((-10)/8)/((-3)/q). Suppose 3*d - 6 = d, l*x - 11 = 3*d. List the prime factors of x.
2
Let n(u) = 13*u**2 + 2*u. Let k be n(2). Let s = k - 26. What are the prime factors of s?
2, 3, 5
Let w = 21 - 9. What are the prime factors of w?
2, 3
What are the prime factors of 34*1 - (0 - (-9 - -6))?
31
Let b(g) = 30*g**2 - g + 1. List the prime factors of b(1).
2, 3, 5
Let d = 804 - 556. List the prime factors of d.
2, 31
Let b(j) = 69*j**3 - j**2 + j. List the prime factors of b(1).
3, 23
Suppose -4*a + 70 = -2*a. List the prime factors of a.
5, 7
Let x be ((1 - -8) + 1)*1. Suppose -54 - 1 = -5*g. Suppose 3*b - 35 = l, -x - g = -2*b + 3*l. What are the prime factors of b?
2, 3
List the prime factors of (-3)/(-2)*22222/123.
271
Suppose -4*a + 28 = 4*k, -3*k = 2*k + 2*a - 29. Suppose 8 = -k*h + 48. What are the prime factors of h?
2
Suppose 0 = -2*y + 11 + 11. Suppose -y = -2*j + 15. List the prime factors of j.
13
Let k(x) = x**3 + 14*x**2 + x + 23. List the prime factors of k(-14).
3
Suppose 5*n - 4*n + 3*i + 7 = 0, 3*n = -i + 3. Let p = n + 11. Suppose 0*a = a - p. List the prime factors of a.
13
Let c(k) = k**3 - 8*k**2 + 8*k - 3. Let z be c(7). Suppose z*b = -2*n - 12, 0 = 2*n + 3*n - b - 3. What are the prime factors of 3 - n - (2 - 4)?
5
Suppose -2 = -2*v, -2*v + 7*v = 4*a - 23. Let g be (-2)/a + 30/7. List the prime factors of 42/g + 2/4.
11
Let r = 17 - -107. Let y = -76 + r. Let j = -29 + y. List the prime factors of j.
19
What are the prime factors of (1/(-3))/((-1)/183)?